
Is 48 a factor of 693306?
False
Is 350350 a multiple of 98?
True
Does 765 divide 9903690?
True
Is 95 a factor of 112739?
False
Is 151 a factor of 69611?
True
Is 38 a factor of 285764?
False
Is 1734123 a multiple of 18?
False
Is 90235 a multiple of 5?
True
Is 7 a factor of 292131?
True
Is 37633 a multiple of 17?
False
Is 98137 a multiple of 270?
False
Is 149209 a multiple of 7?
False
Does 557 divide 18666184?
True
Is 211 a factor of 2467952?
False
Is 7165650 a multiple of 14?
False
Is 518146 a multiple of 16?
False
Does 23 divide 28612?
True
Is 103190 a multiple of 85?
True
Does 76 divide 99408?
True
Does 88 divide 210693?
False
Does 89 divide 13745160?
True
Is 158528 a multiple of 64?
True
Is 692 a factor of 9688?
True
Does 53 divide 12031?
True
Is 13 a factor of 1034086?
False
Is 15 a factor of 302424?
False
Is 137 a factor of 2833981?
False
Is 429 a factor of 1106993?
False
Is 333324 a multiple of 12?
True
Does 17 divide 23749?
True
Does 149 divide 93830?
False
Is 29947428 a multiple of 378?
True
Is 78 a factor of 1427584?
False
Does 411 divide 1584415?
False
Is 414 a factor of 163670?
False
Is 1474435 a multiple of 309?
False
Is 72 a factor of 8661602?
False
Is 158 a factor of 61304?
True
Is 8944839 a multiple of 867?
True
Is 7398699 a multiple of 231?
True
Is 778308 a multiple of 7?
False
Is 484 a factor of 1471437?
False
Is 39600 a multiple of 22?
True
Is 9 a factor of 2165022?
True
Is 107622 a multiple of 27?
True
Is 682043 a multiple of 94?
False
Does 132 divide 129390?
False
Is 2177 a factor of 1452059?
True
Does 117 divide 16268?
False
Does 12 divide 623172?
True
Is 1907570 a multiple of 7?
True
Does 24 divide 12273955?
False
Is 134 a factor of 14136?
False
Is 8521006 a multiple of 1786?
True
Is 12 a factor of 19242003?
False
Is 3006592 a multiple of 2656?
True
Is 21 a factor of 522806?
False
Is 28 a factor of 111944?
True
Is 5 a factor of 53289?
False
Does 42 divide 4327627?
False
Is 30 a factor of 41580?
True
Is 108570 a multiple of 210?
True
Is 243 a factor of 59213?
False
Is 592420 a multiple of 190?
True
Is 13169 a multiple of 46?
False
Is 221353 a multiple of 157?
False
Is 901 a factor of 34238?
True
Does 134 divide 495913?
False
Does 48 divide 622272?
True
Does 7 divide 129572?
False
Does 198 divide 6999198?
False
Is 14 a factor of 2213545?
False
Is 356782 a multiple of 19?
True
Does 86 divide 70950?
True
Is 12 a factor of 3339708?
True
Is 133837 a multiple of 486?
False
Is 389 a factor of 486399?
False
Is 212 a factor of 281748?
True
Does 153 divide 181302?
False
Is 24 a factor of 234989?
False
Is 551862 a multiple of 18?
True
Is 367871 a multiple of 395?
False
Is 486 a factor of 1792918?
False
Does 290 divide 59705?
False
Is 390580 a multiple of 16?
False
Is 244502 a multiple of 108?
False
Is 414 a factor of 337493?
False
Is 2 a factor of 49414?
True
Does 50 divide 15986900?
True
Is 715 a factor of 3114407?
False
Is 1509536 a multiple of 12?
False
Is 16 a factor of 32320?
True
Is 47 a factor of 309225?
False
Is 12193 a multiple of 97?
False
Is 195200 a multiple of 320?
True
Is 19 a factor of 110720?
False
Is 253277 a multiple of 120?
False
Is 79 a factor of 99856?
True
Does 20 divide 846860?
True
Is 121706 a multiple of 4?
False
Is 78490 a multiple of 16?
False
Does 30 divide 123390?
True
Does 99 divide 457544?
False
Is 570986 a multiple of 17?
False
Is 43 a factor of 5810762?
True
Is 3010165 a multiple of 27?
False
Is 60 a factor of 22201?
False
Is 162234 a multiple of 18?
True
Is 896 a factor of 3300870?
False
Does 41 divide 1016210?
False
Is 206799 a multiple of 10?
False
Does 378 divide 3443580?
True
Is 23 a factor of 817627?
True
Is 43 a factor of 2120908?
False
Is 357 a factor of 257270?
False
Is 8 a factor of 2025968?
True
Does 8 divide 2009400?
True
Is 27 a factor of 2701836?
True
Is 138407 a multiple of 134?
False
Does 10 divide 1416670?
True
Does 15 divide 2332830?
True
Is 3159700 a multiple of 50?
True
Does 998 divide 4937545?
False
Does 351 divide 152520?
False
Is 147775 a multiple of 257?
True
Does 21 divide 1365924?
True
Is 196 a factor of 151249?
False
Does 37 divide 804102?
False
Is 34 a factor of 58446?
True
Is 56098 a multiple of 94?
False
Is 623 a factor of 4260762?
False
Is 159075 a multiple of 3?
True
Is 936212 a multiple of 59?
True
Is 50399 a multiple of 101?
True
Is 110 a factor of 67291?
False
Is 882 a factor of 108790?
False
Is 15 a factor of 1790676?
False
Is 462851 a multiple of 113?
False
Is 228000 a multiple of 75?
True
Is 374 a factor of 824296?
True
Does 195 divide 56940?
True
Is 23 a factor of 951133?
False
Does 15 divide 1364170?
False
Does 29 divide 30189?
True
Is 394903 a multiple of 107?
False
Is 19 a factor of 4183325?
True
Is 115 a factor of 1443940?
True
Is 11 a factor of 1076736?
False
Does 31 divide 40579?
True
Is 31 a factor of 1813562?
True
Is 2799114 a multiple of 149?
True
Does 467 divide 210833?
False
Does 246 divide 944886?
True
Does 3 divide 6183?
True
Is 336 a factor of 2707886?
False
Is 7 a factor of 168920?
False
Is 13 a factor of 301782?
True
Is 2 a factor of 3581?
False
Does 920 divide 6799550?
False
Is 11 a factor of 239041?
True
Does 4 divide 18836?
True
Does 156 divide 1283415?
False
Does 107 divide 3621043?
False
Is 2310604 a multiple of 116?
True
Is 106335 a multiple of 68?
False
Is 10 a factor of 1496715?
False
Does 49 divide 646666?
False
Is 102866 a multiple of 49?
False
Is 242220 a multiple of 287?
False
Is 1266 a factor of 4315794?
True
Is 200 a factor of 1886600?
True
Is 101 a factor of 434906?
True
Is 1500720 a multiple of 276?
False
Is 5487189 a multiple of 1930?
False
Is 203 a factor of 4729494?
True
Is 1262664 a multiple of 936?
True
Is 324 a factor of 6659172?
True
Is 129 a factor of 490839?
False
Is 230 a factor of 4013254?
False
Is 18692 a multiple of 4?
True
Is 14774 a multiple of 89?
True
Is 126850 a multiple of 59?
True
Is 45671 a multiple of 4?
False
Does 12 divide 32916?
True
Is 982827 a multiple of 29?
False
Is 108834 a multiple of 54?
False
Is 18 a factor of 86886?
True
Does 296 divide 8146596?
False
Is 358997 a multiple of 273?
False
Is 1269400 a multiple of 220?
True
Is 58 a factor of 1347749?
False
Does 1285 divide 578665?
False
Does 443 divide 17817129?
False
Does 37 divide 1725049?
False
Is 18 a factor of 730854?
True
Is 3215840 a multiple of 995?
True
Does 10 divide 20041?
False
Does 14 divide 533078?
True
Is 252580 a multiple of 173?
True
Is 60135 a multiple of 95?
True
Is 5 a factor of 953993?
False
Does 10 divide 145843?
False
Does 478 divide 2990368?
True
Is 2214718 a multiple of 22?
True
Is 529228 a multiple of 14?
True
Is 21 a factor of 21777?
True
Does 78 divide 15970127?
False
Is 517320 a multiple of 270?
True
Is 49 a factor of 35231?
True
Does 210 divide 7424130?
True
Is 77 a factor of 89887?
False
Is 113 a factor of 12076084?
True
Does 68 divide 304469?
False
Is 5482200 a multiple of 20?
True
Does 3 divide 38890?
False
Is 479 a factor of 208694?
False
Is 143936 a multiple of 416?
True
Is 138643 a multiple of 4?
False
Is 3 a factor of 105045?
True
Does 22 divide 3596040?
False
Does 26 divide 163644?
True
Does 145 divide 462840?
True
Is 6 a factor of 127806?
True
Does 112 divide 604375?
False
Is 106312 a multiple of 2?
True
Is 107709 a multiple of 23?
True
Does 63 divide 21171?
False
Is 241110 a multiple of 423?
True
Is 33 a factor of 714615?
True
Is 64 a factor of 378560?
True
Is 597840 a multiple of 48?
True
Does 35 divide 15994?
False
Does 162 divide 4726766?
False
Is 50 a factor of 1550181?
False
Does 124 divide 267382?
False
Is 157 a factor of 137375?
True
Is 10042 a multiple of 21?
False
Does 366 divide 264618?
True
Does 5 divide 112090?
True
Is 4797008 a multiple of 228?
False
Is 61 a factor of 2841082?
False
Does 19 divide 9017210?
True
Is 1993 a factor of 18450590?
False
Does 18 divide 38096?
False
Does 7 divide 1152597?
False
Does 9 divide 754375?
False
Is 147 a factor of 1093142?
False
Is 47510 a multiple of 15?
False
Is 59 a factor of 184519?
False
Does 43 divide 6966?
True
Is 534470 a multiple of 10?
True
Does 67 divide 697202?
True
Does 47 divide 264129?
False
Is 4 a factor of 134128?
True
Does 356 divide 2466321?
False
Is 81 a factor of 207279?
True
Is 38 a factor of 1166524?
True
Is 1943 a factor of 8288838?
True